 = f + 511. What is the highest common divisor of 24 and b?
3
Let i = -411 + 414. Suppose 5*o - o - i*k = 59, 0 = -4*o - 5*k + 83. What is the highest common factor of o and 136?
17
Let k(y) = -y**3 - 10*y**2 - 16*y + 2. Let s be k(-8). Suppose 2*j - 4*l + 12 = 108, 96 = s*j - l. What is the greatest common factor of 32 and j?
16
Suppose -b = -3*q + 192 - 86, 0 = -10*q + b + 351. What is the greatest common factor of 63 and q?
7
Suppose 41*i - 1063 = 8*i + 2204. Calculate the highest common factor of 286 and i.
11
Let u be (15 + 3 + 1)/(2/((-72)/(-9))). Let g(s) = -60*s - 9. Let q be g(-3). What is the greatest common factor of u and q?
19
Suppose 49*f - 17*f + 9*f = 1476. What is the highest common factor of f and 27?
9
Let y = 1721 + -1567. Calculate the highest common divisor of 176 and y.
22
Let c = 12647 + -2499. What is the greatest common divisor of 472 and c?
236
Suppose 16*t = 95*t + 38*t - 9009. What is the highest common factor of 4543 and t?
77
Suppose -1 = -3*y - 2*j - 7, -2*y + j = 11. Suppose 3*h = 2*w - 1, -4*w = -9*w - 5. Let d be (6/(1/10*y))/h. Calculate the highest common divisor of 15 and d.
15
Let z be -12*(-6)/(-9) + 10. Suppose -4*d + 258 = -5*v + z*v, 270 = 4*d + 3*v. Calculate the highest common divisor of 6 and d.
6
Suppose v = -31*w + 36*w + 26751, -w + 8 = 0. Calculate the greatest common factor of 73 and v.
73
Suppose 6*g = -30 + 270. Let p be -2 + g + 16/(0 + 8). What is the greatest common divisor of 120 and p?
40
Let k be (-30 + 22)/((-24)/774). Calculate the greatest common factor of k and 18834.
258
Let l = 1141 - 889. What is the greatest common factor of 72 and l?
36
Suppose 932*o - 941*o + 5022 = 0. Let q = -504 + o. Calculate the greatest common factor of 102 and q.
6
Let m = 872 + -860. Suppose -m*n + 14 = -190. What is the highest common divisor of n and 289?
17
Let y(p) = p**3 - 6*p**2 + 3*p - 5. Let a be y(7). Suppose -4*q = -9*q + 240. Let n = a - q. What is the highest common divisor of 153 and n?
17
Suppose 0 = 25*p + 15*p - 93600. Calculate the greatest common divisor of 39 and p.
39
Let j(i) = -i**2 - 53*i - 550. Let l be j(-25). What is the greatest common factor of 140 and l?
10
Let u(p) = 5*p**2 + 8*p - 115. Let y be u(-6). Calculate the greatest common factor of 7650 and y.
17
Suppose 0 = -4*w + 2*x + 18421 + 5863, -2*w + 12136 = -4*x. What is the greatest common divisor of 264 and w?
264
Let m = 421 - 193. Suppose -5*u - m = -628. Calculate the highest common divisor of 120 and u.
40
Suppose 22*o - 312 = 10*o. Let v be -1 - (19/(-2)*8 - 3). What is the highest common factor of v and o?
26
Let m(a) = -a**2 + 27*a - 32. Let v = -111 - -129. Let b be m(v). What is the highest common divisor of 30 and b?
10
Suppose 0 = -5*u - 10 - 25. Let i be u/(14/(-8)) + 6. Let g be (-360)/(-225) + 2/(i/(-3)). Calculate the highest common factor of 23 and g.
1
Let g be ((-6)/24 + 841/4)*14/4. Calculate the greatest common factor of 63 and g.
21
Suppose -15*a - 45 = -75. Suppose 3*d = -5*g + 42, -a*g + 14*d - 10*d = -22. What is the highest common factor of g and 747?
9
Let x = 3543 - -426. Calculate the greatest common divisor of 243 and x.
81
Let l = -42 + 47. Suppose -l*m - g = -16 + 3, g = m - 5. Let s be 4*44/16 + m. What is the greatest common factor of 154 and s?
14
Suppose 0 = -3*p - 2*i + 761, -4*p - 1279 = -9*p + 2*i. Let w be 10/(-35) - (-321)/21. What is the greatest common factor of w and p?
15
Suppose 259*w + 67763 + 1338157 = 839*w. What is the greatest common divisor of w and 5050?
202
Let r = 606 - 307. Let t = -289 + r. Calculate the highest common factor of t and 30.
10
Let u be 2/6 + 1*(-30)/9. Let z be ((-2)/u)/(10/165). Suppose -297 = -k - 2*k. Calculate the highest common divisor of k and z.
11
Let h = -3591 + 4015. What is the greatest common factor of h and 2014?
106
Suppose 1 = -y, 2*j - 45 = -5*y - 8. Let k be (j/(-84) + (-5)/(-4))*13. Calculate the greatest common factor of k and 325.
13
Let p(m) = -5*m**2 - 9*m. Let v be p(7). Let l be (3 + 7 + 2)/((-21)/v). Calculate the greatest common divisor of l and 22.
22
Let n(k) = -5*k**3 + 3*k**2 - 4*k + 5. Let r be n(2). Let c(s) = s**2 + 30*s + 19. Let v be c(r). Calculate the highest common divisor of v and 125.
25
Suppose -a + 225 = 2*a. Let v = -72326 - -72376. What is the greatest common divisor of v and a?
25
Suppose 115 = -0*o - 5*o. Let b = o - -33. Let n = 24233 + -24227. What is the greatest common divisor of b and n?
2
Let d = -7358 - -7403. Suppose -5*v + 9 = -6. Suppose v*n - 45 + 0 = 0. What is the highest common divisor of d and n?
15
Let s be (-1 - -4)*(-6)/(-9). Suppose -w = -n - 36, 5*n + 7 = s*w - 74. Let b = 41 + -19. What is the highest common divisor of b and w?
11
Let l be (0/1 - -4)*40. Let d(u) = u**2 - 55*u + 646. Let w be d(42). What is the greatest common factor of w and l?
20
Suppose -8*h + 3*h + 270 = 0. Let j be ((1 - 1)/(-5) - 2) + -13. Let c be ((-6)/15)/(1/j). Calculate the highest common factor of h and c.
6
Suppose 0 = -5*m + 2*w + 43008, 5*m + 10*w - 42988 = 7*w. What is the highest common divisor of m and 43?
43
Let z = 1131 + -1053. Calculate the highest common factor of 741 and z.
39
Suppose 0 = 49*n + 45*n - 1128. Suppose -3*j + m = -239, j - m + 151 = 3*j. Calculate the highest common divisor of n and j.
6
Let m be (5/(-2))/(5929/660 + -9). Calculate the highest common divisor of m and 1470.
30
Suppose 3*n - 92 = 34. Let c = n - 28. Suppose -2*s + 78 = j, -3*s + c = 5*j - 355. What is the highest common factor of j and 8?
8
Suppose -l + 2*r + 160 = l, -4*l + 296 = 4*r. Suppose -4*w + 109 = l. What is the greatest common divisor of 6 and w?
2
Suppose -4*b - 73*r + 75*r + 2390 = 0, 8*b + 2*r = 4738. Calculate the highest common factor of 220 and b.
22
Let b = 44 + -22. Suppose 0 = -2*p + 10, 2*m + 5*p = -2*m + 25. Suppose -5*c = -5*r + r - b, m = c - 5*r + 4. What is the highest common factor of c and 2?
2
Suppose -5*v + 5*r + 8416 = -7934, -2*v + r + 6538 = 0. What is the greatest common divisor of v and 152?
76
Let h(r) = 5*r**2 - 9*r + 5. Let b be h(3). Suppose 5*k - 483 = -c, -2*c + 975 = b*k - 22*k. What is the highest common divisor of 61 and c?
61
Let h be (136/(-72) - -2) + 22488/27. What is the highest common factor of h and 49?
49
Suppose 1050 = 101*s - 76*s. Let b = -9 - -10. Let o(r) = 13*r + 1. Let x be o(b). What is the greatest common factor of s and x?
14
Let q be (-39)/33 + 1 - (-336)/154. Suppose 3 = -h, -26 = -q*l - 4*h - 10. What is the greatest common factor of 189 and l?
7
Let z be (-1)/(0 - 1) + 19. Suppose -19*j + 40*j = 8799. Suppose 14*i = j + 141. What is the greatest common factor of z and i?
20
Suppose 79*n - 139226 = 93113. Calculate the highest common divisor of 1211 and n.
173
Suppose -53 = -4*m + 43. Suppose 442*x - 936 = 439*x. Calculate the highest common factor of x and m.
24
Suppose -5*l = 2*d - 152, -l + 116 + 36 = 2*d. Let q = d - 62. Suppose -9*s + q*s = 5*v, -5*v = 4*s - 36. Calculate the greatest common divisor of v and 44.
4
Let s(y) = 2*y**2 - 185*y - 5000. Let g be s(-25). Calculate the highest common factor of g and 1820.
35
Let i(h) = -2*h**3 - 9*h**2 + h - 5. Let a be i(-8). What is the greatest common factor of a and 390?
15
Let c(m) = m**3 + 28*m**2 + 21*m - 2. Let h be c(-27). Suppose -3*n = -8*n + 5*f - h, 2*f = -10. Let u = 63 + n. What is the greatest common factor of 13 and u?
13
Suppose 4*k - 36 = -5*i, -4*k + 12 = -i - 0*i. Suppose k*z + 3*w = 373, -3*z = -4*w - 201 - 60. Calculate the highest common factor of z and 7.
7
Let h = -169 - -173. Let y be h/((-16)/(-590)) - (-1)/(-2). Let c = 19 - -2. Calculate the greatest common divisor of y and c.
21
Suppose -37*j - 1275 = -34*j. Let u = 431 + j. Calculate the greatest common divisor of 150 and u.
6
Let t be 3/(2 - 9928/4968). Calculate the greatest common factor of 162 and t.
81
Suppose -4*a + 2058 = q, -a + 742 = 4*q + 205. What is the greatest common divisor of 95 and a?
19
Suppose -308*x - 55 = -3*w - 312*x, -4*w = 6*x - 78. Calculate the greatest common factor of 13581 and w.
9
Suppose 2*r - 7*r = 3*s - 43905, 2*r + 5*s - 17581 = 0. Suppose -20*m - 1498 = -r. Calculate the greatest common factor of m and 56.
28
Let t(g) = -2*g**3 - 102*g**2 + 108*g + 411. Let l be t(-52). What is the h